{"id":817,"date":"2020-06-22T11:33:11","date_gmt":"2020-06-22T11:33:11","guid":{"rendered":"https:\/\/hegyvidekiparkolas.hu\/?page_id=817"},"modified":"2020-06-22T11:33:11","modified_gmt":"2020-06-22T11:33:11","slug":"parkolasi-ellenor","status":"publish","type":"page","link":"https:\/\/hegyvidekiparkolas.hu\/?page_id=817","title":{"rendered":"Parkol\u00e1si ellen\u0151r"},"content":{"rendered":"<p><strong><span style=\"color: #0080ab;\">PARKOL\u00c1SI ELLEN\u0150R<\/span> (Budapest XII. ker\u00fclet)<\/strong><\/p>\n<p>C\u00e9g: F\u00c1BER Kft.<br \/>\nV\u00e1ros: Budapest, XII. ker\u00fclet B\u00f6sz\u00f6rm\u00e9nyi \u00fat 20-22<br \/>\nFoglalkoz\u00e1s: hat\u00e1rozatlan idej\u0171 munkaviszony teljes munkaid\u0151<br \/>\nJelentkez\u00e9s: \u00d6n\u00e9letrajz<br \/>\nEmail: <a href=\"mailto:allas@hegyvidekiparkolas.hu\">allas@hegyvidekiparkolas.hu<\/a><\/p>\n<p><u>Az \u00e1ll\u00e1s le\u00edr\u00e1sa<\/u><\/p>\n<p><strong>Parkol\u00e1si ellen\u0151r (XII. ker\u00fclet), <\/strong><\/p>\n<p><strong>Amit k\u00edn\u00e1lunk:<\/strong><\/p>\n<ul>\n<li>Versenyk\u00e9pes j\u00f6vedelem,<\/li>\n<li>megbecs\u00fcl\u00e9s,<\/li>\n<li>hossz\u00fa t\u00e1v\u00fa, stabil, bejelentett, teljes munkaid\u0151s munkaviszony,<\/li>\n<li>cafeteria m\u00e1r pr\u00f3baid\u0151 alatt is ,<\/li>\n<li>f\u00e9l \u00e9vente jutalom,<\/li>\n<li>BKV b\u00e9rlet, c\u00e9ges telefon, t\u00e9li \u2013 ny\u00e1ri munkaruha \u00e9s cip\u0151, v\u00e9d\u0151ital, v\u00e9d\u0151olt\u00e1s.<\/li>\n<li>Vid\u00e9kr\u0151l bej\u00e1r\u00f3 koll\u00e9g\u00e1k b\u00e9rlet k\u00f6lts\u00e9g\u00e9t teljes \u00f6sszegben t\u00e9r\u00edtj\u00fck !<\/li>\n<li>Szabad h\u00e9tv\u00e9g\u00e9k \u00e9s \u00fcnnepnapok (40 \u00f3r\u00e1s munkah\u00e9t, 2 havi munkaid\u0151 keret, egy m\u0171szakos)<\/li>\n<\/ul>\n<p><strong>Feladatok:<\/strong><\/p>\n<ul>\n<li>parkol\u00f3 aut\u00f3k ellen\u0151rz\u00e9se, p\u00f3td\u00edjaz\u00e1s<\/li>\n<li>\u00fcgyfelek t\u00e1j\u00e9koztat\u00e1sa, seg\u00edts\u00e9gny\u00fajt\u00e1s<\/li>\n<li>parkol\u00e1si c\u00e9g k\u00e9pviselete<\/li>\n<\/ul>\n<p><strong>Elv\u00e1r\u00e1sok:<\/strong><\/p>\n<ul>\n<li>hossz\u00fa t\u00e1v\u00fa elk\u00f6telezetts\u00e9g<\/li>\n<li>kiv\u00e1l\u00f3 kommunik\u00e1ci\u00f3<\/li>\n<li>rugalmass\u00e1g \u00e9s j\u00f3 \u00e1ll\u00f3k\u00e9pess\u00e9g<\/li>\n<li>hajland\u00f3s\u00e1g kinti munkav\u00e9gz\u00e9sre<\/li>\n<li>\u00e9rv\u00e9nyes erk\u00f6lcsi bizony\u00edtv\u00e1ny<\/li>\n<li>munkak\u00f6rre vonatkoz\u00f3 foglalkoz\u00e1s-eg\u00e9szs\u00e9g\u00fcgyi alkalmass\u00e1g<\/li>\n<li>minimum 8 oszt\u00e1lyos \u00e1ltal\u00e1nos iskolai v\u00e9gzetts\u00e9g<\/li>\n<\/ul>\n<p><strong>Egy\u00e9b:<\/strong><\/p>\n<ul>\n<li>Munkav\u00e9gz\u00e9s helye: XII. ker\u00fclet parkol\u00e1s \u00f6vezetei<\/li>\n<li>A munkav\u00e9gz\u00e9shez sz\u00fcks\u00e9ges oktat\u00e1st, betan\u00edt\u00e1st c\u00e9g\u00fcnk biztos\u00edtja, folyamatos k\u00e9pz\u00e9s<\/li>\n<li>Munkarend: 8.00-18.00-ig \u00e9s 8.00-20.00-ig (heti pihen\u0151napokkal)<\/li>\n<li>El\u0151ny ebben a munkak\u00f6rben szerzett tapasztalat.<\/li>\n<\/ul>\n","protected":false},"excerpt":{"rendered":"<p>PARKOL\u00c1SI&#46;&#46;&#46;<\/p>\n","protected":false},"author":1,"featured_media":0,"parent":0,"menu_order":0,"comment_status":"closed","ping_status":"closed","template":"","meta":{"_monsterinsights_skip_tracking":false,"_monsterinsights_sitenote_active":false,"_monsterinsights_sitenote_note":"","_monsterinsights_sitenote_category":0,"footnotes":""},"class_list":["post-817","page","type-page","status-publish","hentry"],"aioseo_notices":[],"_links":{"self":[{"href":"https:\/\/hegyvidekiparkolas.hu\/index.php?rest_route=\/wp\/v2\/pages\/817","targetHints":{"allow":["GET"]}}],"collection":[{"href":"https:\/\/hegyvidekiparkolas.hu\/index.php?rest_route=\/wp\/v2\/pages"}],"about":[{"href":"https:\/\/hegyvidekiparkolas.hu\/index.php?rest_route=\/wp\/v2\/types\/page"}],"author":[{"embeddable":true,"href":"https:\/\/hegyvidekiparkolas.hu\/index.php?rest_route=\/wp\/v2\/users\/1"}],"replies":[{"embeddable":true,"href":"https:\/\/hegyvidekiparkolas.hu\/index.php?rest_route=%2Fwp%2Fv2%2Fcomments&post=817"}],"version-history":[{"count":1,"href":"https:\/\/hegyvidekiparkolas.hu\/index.php?rest_route=\/wp\/v2\/pages\/817\/revisions"}],"predecessor-version":[{"id":818,"href":"https:\/\/hegyvidekiparkolas.hu\/index.php?rest_route=\/wp\/v2\/pages\/817\/revisions\/818"}],"wp:attachment":[{"href":"https:\/\/hegyvidekiparkolas.hu\/index.php?rest_route=%2Fwp%2Fv2%2Fmedia&parent=817"}],"curies":[{"name":"wp","href":"https:\/\/api.w.org\/{rel}","templated":true}]}}